-100
In base 2, what is 110111111011 + -100001111?
110011101100
In base 9, what is 21755 + 52?
21817
In base 11, what is 3 - -5129?
5131
In base 4, what is -11 + -11211103?
-11211120
In base 5, what is 1404 + 1233110?
1240014
In base 16, what is -45d + -209?
-666
In base 15, what is -1 + -167ac?
-167ad
In base 8, what is -16 + -16777?
-17015
In base 10, what is 124 + -8773?
-8649
In base 16, what is 2b + -32?
-7
In base 3, what is 102 + 211011200222?
211011201101
In base 16, what is 3c07 - 47?
3bc0
In base 3, what is -1011012 - -111120?
-122122
In base 13, what is -2c2a1 + 1?
-2c2a0
In base 4, what is -210323200 - -200?
-210323000
In base 9, what is 4 - -3363283?
3363287
In base 2, what is -110101 + 1001101000000?
1001100001011
In base 16, what is -58 + b67?
b0f
In base 13, what is -1 + 2846?
2845
In base 16, what is 3d4b - -5?
3d50
In base 7, what is -346 - 4641?
-5320
In base 10, what is -84624 + -5?
-84629
In base 5, what is 1104131 + 12?
1104143
In base 5, what is -101 - 1002424?
-1003030
In base 7, what is 40036 + 10?
40046
In base 12, what is -4 + 6056?
6052
In base 4, what is 101023 + 213323?
321012
In base 11, what is 2 - -7623?
7625
In base 7, what is -62 - -120053?
116661
In base 16, what is 14 + -12e52?
-12e3e
In base 9, what is 10134 - -41?
10175
In base 13, what is 1c - 1253b?
-1251c
In base 13, what is 3 + -177c88?
-177c85
In base 5, what is 40300 + 333?
41133
In base 2, what is -1000110011001111100010 + 100?
-1000110011001111011110
In base 7, what is 100 - 3261?
-3161
In base 5, what is -132223022 - 4?
-132223031
In base 9, what is -17 - 1686?
-1714
In base 2, what is 1001011101011001 + -11?
1001011101010110
In base 12, what is 6480 - b7?
6385
In base 12, what is a2283 - -4?
a2287
In base 5, what is 0 + 342440?
342440
In base 9, what is 41 + -271?
-230
In base 14, what is -71 + -1121?
-1192
In base 9, what is 0 - 105752?
-105752
In base 10, what is -2725 - -8?
-2717
In base 5, what is -1 + -101024?
-101030
In base 10, what is 0 + -219681?
-219681
In base 8, what is 16 + 64725?
64743
In base 11, what is -900 + 7?
-8a4
In base 15, what is 5c - -2b6?
323
In base 7, what is 3 + 3065?
3101
In base 11, what is -2 - 82a57?
-82a59
In base 16, what is 15f + 198?
2f7
In base 9, what is -255 + -134?
-400
In base 11, what is 54861 - -a?
54870
In base 4, what is -31203121 - -10?
-31203111
In base 10, what is -94822 + -34?
-94856
In base 11, what is -64 - -108?
54
In base 16, what is 3e + 214?
252
In base 5, what is -1002414 - -2?
-1002412
In base 16, what is -1 + -30a5?
-30a6
In base 6, what is -204 - 231?
-435
In base 12, what is 54 - -67a?
712
In base 9, what is -45177 - -4?
-45173
In base 15, what is -3 - -9898?
9895
In base 10, what is 1 + -3946?
-3945
In base 5, what is -3 - 14231102?
-14231110
In base 11, what is 13 - 168?
-155
In base 10, what is 169 + -1692?
-1523
In base 4, what is 3123030 + 23?
3123113
In base 12, what is -123 + -842a?
-8551
In base 14, what is 3 + -25576?
-25573
In base 5, what is 142441 + -3?
142433
In base 5, what is 33 - 433?
-400
In base 7, what is 101 - -24462?
24563
In base 14, what is 31 + -2cc?
-29b
In base 16, what is 45 + 1172d?
11772
In base 7, what is 144 + -31134?
-30660
In base 12, what is -5 - 150ab?
-150b4
In base 16, what is -d - -5a7?
59a
In base 7, what is -26606631 - 3?
-26606634
In base 12, what is 6a25bb - 4?
6a25b7
In base 13, what is -18 + 1164?
1149
In base 16, what is 1be8 - -7b?
1c63
In base 11, what is -5 - -8428?
8423
In base 5, what is -320102 - 1302?
-321404
In base 6, what is -410322 + -3?
-410325
In base 4, what is -11123 + 1302?
-3221
In base 16, what is -350d - -2?
-350b
In base 10, what is 163 - -7528?
7691
In base 3, what is -11020 + 211202?
200112
In base 12, what is -a6 - -96?
-10
In base 8, what is 5 - -2442425?
2442432
In base 10, what is 11845 - 7?
11838
In base 3, what is 2001 - 11022002?
-11020001
In base 3, what is -11001 + 11212021?
11201020
In base 5, what is -12301 - -1210?
-11041
In base 3, what is -2121 + -200100?
-202221
In base 13, what is 26c - -242?
4b1
In base 8, what is -50 + -26604?
-26654
In base 5, what is -21101 + 21?
-21030
In base 13, what is 0 + 60134?
60134
In base 10, what is 408 - 712?
-304
In base 2, what is -1100000101010 - -1?
-1100000101001
In base 7, what is 61 + 44?
135
In base 7, what is 511 + -144?
334
In base 14, what is -36d0 - b?
-36db
In base 16, what is -ed - 40?
-12d
In base 5, what is 1132414 + 3?
1132422
In base 16, what is -5 - -12e7c?
12e77
In base 8, what is -26026 + -2?
-26030
In base 10, what is -16353 + 1?
-16352
In base 16, what is 6 - e93?
-e8d
In base 12, what is -132a - -4?
-1326
In base 5, what is -11213 + 122?
-11041
In base 14, what is -b5 + 870?
799
In base 8, what is 261221 + 0?
261221
In base 8, what is -3 - 1022760?
-1022763
In base 9, what is -2 + 1004?
1002
In base 8, what is 3 - -176051?
176054
In base 7, what is -5 - -23326?
23321
In base 11, what is a337a + -9?
a3371
In base 6, what is 144151233 - -4?
144151241
In base 5, what is 31 + 241?
322
In base 9, what is -187 + 5113?
4815
In base 3, what is -10 - -100001020?
100001010
In base 8, what is -340 + -11?
-351
In base 9, what is 3 + 40113?
40116
In base 10, what is 18 - -599?
617
In base 8, what is -173 + 233?
40
In base 13, what is 113 + -cb?
15
In base 11, what is 4 - 20482?
-20479
In base 3, what is -12 - 2021020020?
-2021020102
In base 9, what is 1220 - -6443?
7663
In base 9, what is 3 + -7232?
-7228
In base 11, what is 170 + 416?
586
In base 5, what is 33312204 + 10?
33312214
In base 7, what is 5 + 1135524?
1135532
In base 5, what is -2 + -23411433?
-23411440
In base 11, what is 122 - 1358?
-1236
In base 10, what is 5575 - 1?
5574
In base 10, what is -5 + 12654?
12649
In base 11, what is 1 + -31893?
-31892
In base 12, what is 2b7203 + 3?
2b7206
In base 11, what is 3 - -71979?
71981
In base 6, what is -3103 + 111?
-2552
In base 3, what is 102 - 210222000?
-210221121
In base 5, what is -4 - 121013?
-121022
In base 10, what is -3321 + 2?
-3319
In base 16, what is -150b + 6d?
-149e
In base 3, what is -12122 + 2221?
-2201
In base 9, what is 26 + 56?
83
In base 14, what is 77593 + -15?
7757c
In base 10, what is -8142 - -11?
-8131
In base 13, what is -3 + -1a043?
-1a046
In base 11, what is 6a6 + -8?
699
In base 15, what is -9dc - 8?
-9e5
In base 4, what is -11 + 23300133?
23300122
In base 16, what is -389 - -36?
-353
In base 6, what is -553 - 21134?
-22131
In base 2, what is -1000 + 101111101011001?
101111101010001
In base 13, what is 2 - c612?
-c610
In base 7, what is 444 + -21?
423
In base 13, what is -421 + 33?
-3bb
In base 6, what is 1123 + 142?
1305
In base 10, what is 18046 + 236?
18282
In base 5, what is 204443200 - 3?
204443142
In base 16, what is -7ad8a - -5?
-7ad85
In base 15, what is -7a - -55?
-25
In base 11, what is -12 + 29263?
29251
In base 9, what is 318843 + -4?
318838
In base 4, what is 0 - -1103131?
1103131
In base 5, what is 3 + -134400?
-134342
In base 4, what is 10300 - -3002?
13302
In base 11, what is 873355 + 2?
873357
In base 5, what is 2 - -1121013?
1121020
In base 4, what is -23013 + -20313?
-103332
In base 11, what is 90074 - -7?
90080
In base 16, what is -16 - 707?
-71d
In base 5, what is 3 + -3241?
-3233
In base 9, what is -50266 + -231?
-50507
In base 4, what is -231121100 + -3?
-231121103
In base 6, what is -3541 + 31?
-3510
In base 11, what is -4 + -394a0a?
-394a13
In base 2, what is 101111001001 - 10?
101111000111
In base 6, what is -222411 + -24?
-222435
In base 8, what is -50013 - -14?
-47777
In base 14, what is 206a7 + a?
206b3
In base 13, what is -146b - -7?
-1464
In base 3, what is -11001 + -10222?
-22000
In base 14, what is 2a - -8?
34
In base 9, what is -11 + -17413?
-17424
In base 3, what is 2022001122 + -1?
2022001121
In base 14, what is -250c - -1?
-250b
In base 12, what is 25 + -1ab?
-186
In base 4, what is -3 - -302121031?
302121022
In base 3, what is -2002 + -220100010?
-220102012
In base 10, what is -4 - 3383?
-3387
In base 3, what is -210111 - 11222?
-222110
In base 5, what is 3 - 324002112?
-324002104
In base 4, what is -130012 + -1133?
-131211
In base 12, what is 5 - 21a0a?
-21a05
In base 6, what is 3 + 41420?
41423
In base 2, what is -100001 - 101010011001?
-101010111010
In base 3, what is 12 + 20000121201?